{"id":85,"date":"2018-10-18T17:56:44","date_gmt":"2018-10-18T15:56:44","guid":{"rendered":"http:\/\/infieri.online\/DMUF\/?page_id=85"},"modified":"2023-05-12T14:26:28","modified_gmt":"2023-05-12T18:26:28","slug":"vetement-psycho-bio-feedback-pbf","status":"publish","type":"page","link":"https:\/\/infieri.online\/DMUF\/vetement-psycho-bio-feedback-pbf\/","title":{"rendered":"V\u00eatement Psycho-Bio-Feedback (PBF) fictif"},"content":{"rendered":"<p><a href=\"http:\/\/infieri.online\/DMUF\/vetement-psycho-bio-feedback-pbf\/pbf_200px\/\" rel=\"attachment wp-att-100\"><img loading=\"lazy\" decoding=\"async\" class=\"aligncenter size-full wp-image-100\" src=\"http:\/\/infieri.online\/DMUF\/wp-content\/uploads\/2018\/10\/PBF_200px.png\" alt=\"\" width=\"200\" height=\"324\" srcset=\"https:\/\/infieri.online\/DMUF\/wp-content\/uploads\/2018\/10\/PBF_200px.png 200w, https:\/\/infieri.online\/DMUF\/wp-content\/uploads\/2018\/10\/PBF_200px-185x300.png 185w\" sizes=\"auto, (max-width: 200px) 100vw, 200px\" \/><\/a><br \/>\nLe v\u00eatement PBF est dot\u00e9 de senseurs et contribue \u00e0 am\u00e9liorer les habilet\u00e9s des jeunes \u00e0 l\u2019\u00e9cole. Il fournit des donn\u00e9es sur l\u2019\u00e9tat mental et la performance cognitive de la personne qui le porte. Utilis\u00e9 avec des techniques de m\u00e9ditation, le PBF aide l\u2019utilisateur \u00e0 mieux se conna\u00eetre.<\/p>\n<p>Un projet pilote dans une \u00e9cole a d\u00e9montr\u00e9 que le taux de d\u00e9crochage des \u00e9l\u00e8ves ayant des difficult\u00e9s d&rsquo;apprentissage a diminu\u00e9.<\/p>\n<h3 style=\"clear: both;\">Pr\u00e9sentation vid\u00e9o<\/h3>\n<p><iframe loading=\"lazy\" src=\"https:\/\/player.vimeo.com\/video\/111743478\" width=\"640\" height=\"360\" frameborder=\"0\" allowfullscreen=\"allowfullscreen\"><\/iframe><\/p>\n<h2>Sc\u00e9nario 2030<\/h2>\n<h3>Quelle est la place des v\u00eatements PBF dans la vie des jeunes?<\/h3>\n<p><img loading=\"lazy\" decoding=\"async\" class=\"alignleft size-full wp-image-113\" style=\"border: none;\" src=\"http:\/\/infieri.online\/DMUF\/wp-content\/uploads\/2018\/10\/smart_wear.png\" alt=\"\" width=\"75\" height=\"141\" \/>Nous sommes en 2030. Les jeunes dont nous parlons dans ce sc\u00e9nario se soucient d\u2019\u00e9quilibre, et cela s\u2019applique tant au potentiel des personnes qu\u2019aux ressources de la plan\u00e8te. La m\u00e9ditation, tr\u00e8s r\u00e9pandue, leur est r\u00e9v\u00e9l\u00e9e d\u00e8s le plus jeune \u00e2ge : les neurosciences ont d\u00e9montr\u00e9 qu\u2019elle favorisait la s\u00e9r\u00e9nit\u00e9, l\u2019empathie, l\u2019autonomie et un certain d\u00e9tachement \u00e0 l\u2019\u00e9gard du monde mat\u00e9riel.<\/p>\n<p>Parall\u00e8lement, les scientifiques ont d\u00e9velopp\u00e9 des outils tr\u00e8s efficaces pour am\u00e9liorer l\u2019\u00e9tat mental individuel, notamment le v\u00eatement intelligent, dont l\u2019utilisation s\u2019av\u00e8re de plus en plus r\u00e9pandue\u2026<\/p>\n<h3><strong>Un outil pour mieux se conna\u00eetre<\/strong><\/h3>\n<p>Le v\u00eatement de \u00ab Psycho Bio Feedback \u00bb (PBF) permet d\u2019identifier en soi-m\u00eame les r\u00e9actions positives (bio) associ\u00e9es \u00e0 l\u2019usage optimal de ses ressources mentales (psycho). Et, par un ph\u00e9nom\u00e8ne de \u00ab retour \u00bb (feedback) sur ces exp\u00e9riences, \u00e0 renforcer de meilleurs comportements.<\/p>\n<p>Int\u00e9gr\u00e9 aux techniques m\u00e9ditatives, le PBF favorise un cheminement personnalis\u00e9 et une meilleure connaissance de soi et de ses aptitudes.\u00a0Les fonctions de ce v\u00eatement ont d\u2019abord \u00e9t\u00e9 d\u00e9velopp\u00e9es dans le but de faciliter l\u2019int\u00e9gration sociale des jeunes d\u00e9crocheurs.<\/p>\n<p>Novateur et efficace, le PBF s\u2019est vite retrouv\u00e9 au coeur de diff\u00e9rentes pratiques p\u00e9dagogiques. Utilis\u00e9 comme outil d\u2019entra\u00eenement, il aide les jeunes utilisateurs \u00e0 explorer et \u00e0 am\u00e9liorer leurs capacit\u00e9s d\u2019analyse et leurs mani\u00e8res de r\u00e9soudre les probl\u00e8mes.<\/p>\n<h3><strong>Un usage\u2026 qui gagne en popularit\u00e9 !<\/strong><\/h3>\n<p>Favorisant un sentiment d\u2019harmonie avec l\u2019entourage, le PBF a connu un tr\u00e8s bon accueil aupr\u00e8s des jeunes. Il r\u00e9duit la pr\u00e9sence de conflits entre eux, leur permettant de g\u00e9rer les \u00e9motions vives qui les habitent si souvent !<\/p>\n<p>Alors que le PBF gagne de plus en plus d\u2019adeptes, certaines \u00e9coles ont commenc\u00e9 \u00e0 l\u2019int\u00e9grer formellement, argumentant qu\u2019il rassure les \u00e9l\u00e8ves et rend l\u2019\u00e9valuation plus objective lors des examens :<\/p>\n<p style=\"font-size: 1.2em; text-align: center; font-family: 'Times New Roman', Times, serif; margin: 20px 50px 20px 50px;\"><i>\u00ab Chers parents, une \u00e9preuve orale aura lieu le 15 octobre 2030. Nous vous rappelons l\u2019importance de pr\u00e9voir pour votre enfant un v\u00eatement PBF dot\u00e9 de la fonction d\u2019imagerie c\u00e9r\u00e9brale (avec capuchon). Les donn\u00e9es recueillies compl\u00e8tent l\u2019\u00e9valuation du professeur, nous informant sur la mani\u00e8re dont votre jeune exploite ses ressources cognitives et \u00e9motionnelles. \u00bb<\/i><\/p>\n<h3><strong>Des experts s\u2019opposent<\/strong><\/h3>\n<p>Bien que les experts reconnaissent que le PBF augmente les effets positifs de la m\u00e9ditation et favorise l\u2019atteinte d\u2019un \u00e9tat de bien-\u00eatre, ils invitent \u00e0 la plus grande vigilance. Rappelant que \u00ab la dose fait le poison \u00bb, un neuroscientifique chevronn\u00e9 d\u00e9clarait :<\/p>\n<p style=\"font-size: 1.2em; text-align: center; font-family: 'Times New Roman', Times, serif; margin: 20px 50px 20px 50px;\"><i>\u00ab Un usage fr\u00e9quent et soutenu du v\u00eatement PBF peut r\u00e9duire l\u2019autonomie et la confiance des jeunes envers leur propre perception de la r\u00e9alit\u00e9 et envers eux-m\u00eames. \u00bb<\/i><\/p>\n<div style=\"width: 80%; margin-left: auto; margin-right: auto; background-color: lightgrey; padding: 40px;\"><strong>\u00c0 vous de poursuivre !<\/strong><br \/>\nVotre ami, qui a des enfants d\u2019\u00e2ge scolaire, partage avec vous ses interrogations sur cette tendance sociale.<\/p>\n<ul>\n<li>Que lui r\u00e9pondez-vous lorsqu\u2019il vous demande votre avis sur la place du v\u00eatement PBF dans les \u00e9coles ?<\/li>\n<li>Pensez-vous que l\u2019usage du PBF dans la vie de tous les jours doit \u00eatre encadr\u00e9 ?<\/li>\n<li>Comment peut-on s\u2019assurer que le bien-\u00eatre des jeunes soit favoris\u00e9 par le PBF ?<\/li>\n<\/ul>\n<\/div>\n<h2 style=\"margin-top: 50px;\">Sc\u00e9nario 2040<\/h2>\n<h3>Mathis va-t-il poursuivre ses d\u00e9sirs ?<\/h3>\n<p><img loading=\"lazy\" decoding=\"async\" class=\"alignleft size-full wp-image-118\" style=\"border: none;\" src=\"http:\/\/infieri.online\/DMUF\/wp-content\/uploads\/2018\/10\/sw_dilemme.png\" alt=\"\" width=\"75\" height=\"89\" \/>Nous sommes maintenant en 2040. Comme la plupart des adolescents, \u00e0 17 ans, Mathis porte r\u00e9guli\u00e8rement un v\u00eatement PBF, et ce, depuis son enfance. M\u00eame si c\u2019est fait sur une base volontaire, tr\u00e8s peu de jeunes ne sortent de la maison sans leur PBF, qu\u2019ils trouvent confortables et qu\u2019ils aiment avoir sur eux !<\/p>\n<p>Dans les \u00e9coles publiques, le PBF est utilis\u00e9 pour colliger des donn\u00e9es sur les forces et les faiblesses de chaque \u00e9l\u00e8ve. Selon un r\u00e8glement p\u00e9dagogique, ces donn\u00e9es permettent de personnaliser les parcours de formation :<\/p>\n<p style=\"font-size: 1.2em; text-align: center; font-family: 'Times New Roman', Times, serif; margin: 20px 50px 20px 50px;\"><i>\u00ab Le cumulatif de fin d\u2019ann\u00e9e aide \u00e0 mieux orienter chaque \u00e9l\u00e8ve vers un m\u00e9tier ou des \u00e9tudes qui conviennent \u00e0 son potentiel. Ceci \u00e9vite de maintenir des \u00e9l\u00e8ves dans des classes dont ils ne profiteraient pas de toute fa\u00e7on. Ils sont dirig\u00e9s plus rapidement vers des m\u00e9tiers adapt\u00e9s \u00e0 leurs aptitudes et habilet\u00e9s. \u00bb<\/i><\/p>\n<p>Pour pouvoir exercer le m\u00e9tier qui a \u00e9t\u00e9 valid\u00e9 selon ce syst\u00e8me personnalis\u00e9, Mathis doit r\u00e9ussir un dernier examen crucial, lui donnant acc\u00e8s \u00e0 une formation sp\u00e9cialis\u00e9e tr\u00e8s enviable ! Seulement, Mathis ne veut pas faire les choses comme tout le monde. Il a le go\u00fbt du risque et veut se prouver quelque chose \u00e0 lui-m\u00eame ainsi qu\u2019\u00e0 ses parents et \u00e0 ses proches : il va passer son examen sans PBF !<\/p>\n<p>Il en parle \u00e0 sa grande amie Annadelle. Celle-ci fr\u00e9quente une \u00e9cole alternative o\u00f9 l\u2019usage du PBF a \u00e9t\u00e9 d\u00e9laiss\u00e9 au profit de pratiques m\u00e9ditatives \u00ab pures \u00bb, c\u2019est-\u00e0-dire sans support technologique. Avec Annadelle, Mathis a gag\u00e9 qu\u2019il le ferait !<\/p>\n<p style=\"font-size: 1.2em; text-align: center; font-family: 'Times New Roman', Times, serif; margin: 20px 50px 20px 50px;\"><i>\u00ab Je me lance ! J\u2019ai trouv\u00e9 un truc pour faire croire au prof que mon PBF fonctionne\u2026 juste pour voir de quoi j\u2019suis capable, pis tester ce qu\u2019on apprend en m\u00e9ditation, genre mieux se conna\u00eetre ! Personne ne va s\u2019en rendre compte ! Pis c\u2019est pas comme tricher ! J\u2019veux voir comment j\u2019me sens pour de vrai pendant un exam, sans me l\u2019faire dire par un chandail ! \u00bb<\/i><\/p>\n<h3><strong>Mathis s\u2019est-il tromp\u00e9 ?<\/strong><\/h3>\n<p>Dans les jours qui suivent l\u2019examen, chez les parents de Mathis, on est dans l\u2019attente des r\u00e9sultats. Mathis semble serein, mais un peu diff\u00e9rent ; ses r\u00e9actions sont moins pr\u00e9visibles et il m\u00e9dite plus souvent qu\u2019\u00e0 l\u2019accoutum\u00e9e.<\/p>\n<p>Un matin, un courriel de l\u2019\u00e9cole est achemin\u00e9 :<\/p>\n<p style=\"font-size: 1.2em; text-align: center; font-family: 'Times New Roman', Times, serif; margin: 20px 50px 20px 50px;\"><i>\u00ab Chers parents, lors de l\u2019examen, l\u2019enseignant a d\u00e9pos\u00e9 un avis favorable et a recommand\u00e9 que Mathis soit dirig\u00e9 vers la formation qu\u2019il souhaitait. Cependant, une analyse technique plus pouss\u00e9e a r\u00e9v\u00e9l\u00e9 que le PBF de Mathis n\u2019a pas fonctionn\u00e9 correctement. Puisque les conditions n\u2019ont pas \u00e9t\u00e9 respect\u00e9es et que ses performances n\u2019ont pu \u00eatre valid\u00e9es avec objectivit\u00e9, nous sommes dans l\u2019obligation de reprendre cet examen. \u00bb<\/i><\/p>\n<p>Mathis n\u2019a pas du tout envie de se plier \u00e0 cette exigence ! D\u2019autant plus qu\u2019il ne d\u00e9sire plus exercer le m\u00e9tier qui n\u00e9cessite cet examen :<\/p>\n<p style=\"font-size: 1.2em; text-align: center; font-family: 'Times New Roman', Times, serif; margin: 20px 50px 20px 50px;\"><i>\u00ab J\u2019vois plus clair sans PBF. J\u2019veux prendre des risques ! J\u2019veux d\u00e9couvrir par moi-m\u00eame ce que j\u2019aime et ce que je d\u00e9teste ! J\u2019veux avoir le droit d\u2019faire des erreurs aussi ! Apr\u00e8s \u00e7a, j\u2019pourrai savoir ce que j\u2019veux vraiment devenir dans la vie. \u00bb<\/i><\/p>\n<p>D\u00e9concert\u00e9s devant la r\u00e9action de Mathis et son choix de ne plus porter de v\u00eatement PBF, ses parents et amis ne le reconnaissent plus\u2026<\/p>\n<div style=\"width: 80%; margin-left: auto; margin-right: auto; background-color: lightgrey; padding: 40px;\"><strong>\u00c0 vous de poursuivre !<\/strong><br \/>\nVous connaissez les parents de Mathis, ils vivent \u00e0 deux pas de chez vous. Un soir o\u00f9 vous y \u00eates, Mathis raconte son histoire.<\/p>\n<ul>\n<li>Quelles questions lui posez-vous au sujet du PBF ?<\/li>\n<li>Qu\u2019est-ce qu\u2019un jeune comme lui peut avoir retir\u00e9 de cette exp\u00e9rience ?<\/li>\n<li>Mathis doit-il poursuivre son d\u00e9sir de vivre sans PBF, quitte \u00e0 se marginaliser des autres et \u00e0 renoncer \u00e0 un m\u00e9tier convoit\u00e9 ?<\/li>\n<\/ul>\n<\/div>\n","protected":false},"excerpt":{"rendered":"<p>Le v\u00eatement PBF est dot\u00e9 de senseurs et contribue \u00e0 am\u00e9liorer les habilet\u00e9s des jeunes \u00e0 l\u2019\u00e9cole. Il fournit des donn\u00e9es sur l\u2019\u00e9tat mental et la performance cognitive de la personne qui le porte. Utilis\u00e9 avec des techniques de m\u00e9ditation, &hellip; <a href=\"https:\/\/infieri.online\/DMUF\/vetement-psycho-bio-feedback-pbf\/\">Lire la suite\u00ad\u00ad<\/a><\/p>\n","protected":false},"author":1,"featured_media":100,"parent":0,"menu_order":0,"comment_status":"closed","ping_status":"closed","template":"","meta":{"footnotes":""},"class_list":["post-85","page","type-page","status-publish","has-post-thumbnail","hentry"],"_links":{"self":[{"href":"https:\/\/infieri.online\/DMUF\/wp-json\/wp\/v2\/pages\/85","targetHints":{"allow":["GET"]}}],"collection":[{"href":"https:\/\/infieri.online\/DMUF\/wp-json\/wp\/v2\/pages"}],"about":[{"href":"https:\/\/infieri.online\/DMUF\/wp-json\/wp\/v2\/types\/page"}],"author":[{"embeddable":true,"href":"https:\/\/infieri.online\/DMUF\/wp-json\/wp\/v2\/users\/1"}],"replies":[{"embeddable":true,"href":"https:\/\/infieri.online\/DMUF\/wp-json\/wp\/v2\/comments?post=85"}],"version-history":[{"count":24,"href":"https:\/\/infieri.online\/DMUF\/wp-json\/wp\/v2\/pages\/85\/revisions"}],"predecessor-version":[{"id":321,"href":"https:\/\/infieri.online\/DMUF\/wp-json\/wp\/v2\/pages\/85\/revisions\/321"}],"wp:featuredmedia":[{"embeddable":true,"href":"https:\/\/infieri.online\/DMUF\/wp-json\/wp\/v2\/media\/100"}],"wp:attachment":[{"href":"https:\/\/infieri.online\/DMUF\/wp-json\/wp\/v2\/media?parent=85"}],"curies":[{"name":"wp","href":"https:\/\/api.w.org\/{rel}","templated":true}]}}